5?
109
What is the highest common factor of 1454 and 130324201?
727
Calculate the greatest common factor of 447326 and 1188.
22
What is the greatest common divisor of 2321638 and 154?
22
What is the highest common divisor of 518676 and 102?
6
What is the greatest common factor of 3275 and 570425?
25
Calculate the greatest common divisor of 663181050 and 595.
595
What is the greatest common factor of 86768465 and 4483?
4483
Calculate the greatest common divisor of 8754 and 212234894.
2918
What is the highest common divisor of 624 and 16483152?
48
What is the greatest common divisor of 101057085 and 3114?
1557
What is the highest common divisor of 1069164 and 162180?
612
Calculate the highest common factor of 1275909279 and 531.
177
What is the highest common factor of 121916048 and 32?
16
Calculate the highest common factor of 21788711 and 107450.
2149
What is the highest common factor of 25 and 108035810?
5
Calculate the highest common divisor of 100 and 11506675.
25
What is the highest common divisor of 75208 and 213724?
476
Calculate the greatest common divisor of 2620350 and 143634.
3882
Calculate the greatest common divisor of 3660 and 24882144.
732
What is the greatest common divisor of 40 and 4401408?
8
Calculate the highest common factor of 38200 and 850000.
200
What is the highest common divisor of 2821 and 336680305?
403
Calculate the greatest common divisor of 164037825 and 10430.
5215
What is the greatest common divisor of 350766 and 2880?
18
What is the greatest common factor of 153249029 and 5818?
2909
What is the highest common divisor of 122280 and 409440?
120
Calculate the greatest common factor of 24 and 28198908.
12
Calculate the highest common divisor of 14 and 942533837.
7
What is the greatest common divisor of 2189 and 1529?
11
What is the greatest common divisor of 14781216 and 2592?
96
What is the highest common factor of 1371208 and 26?
2
Calculate the highest common factor of 3192796 and 8.
4
What is the highest common divisor of 162 and 522495144?
54
Calculate the highest common divisor of 9596386 and 2.
2
Calculate the highest common factor of 13 and 21310276.
13
What is the greatest common factor of 26145 and 7358697?
747
What is the greatest common factor of 95154 and 2388?
6
What is the greatest common factor of 450 and 43823925?
225
Calculate the greatest common factor of 12096 and 45143168.
448
Calculate the greatest common factor of 5514 and 9678.
6
What is the greatest common factor of 9558 and 10530?
162
What is the highest common divisor of 1249610 and 3520453?
4309
What is the greatest common factor of 274 and 899679?
137
Calculate the highest common divisor of 4757725 and 525.
175
What is the greatest common divisor of 22951 and 39289?
389
Calculate the highest common factor of 181712 and 404752.
656
What is the greatest common factor of 73109 and 20967?
29
What is the highest common factor of 29515716 and 13264?
3316
Calculate the greatest common divisor of 466 and 1851213426.
466
What is the greatest common factor of 182163 and 326565?
123
Calculate the greatest common factor of 37328065 and 1805.
95
Calculate the greatest common factor of 8850 and 3625786.
118
What is the greatest common divisor of 234779078 and 1173?
391
Calculate the greatest common divisor of 3348750 and 90.
30
What is the greatest common factor of 403 and 980871?
31
Calculate the highest common factor of 39840 and 44940.
60
Calculate the highest common factor of 87528 and 21504.
168
Calculate the highest common factor of 2656521 and 322287.
3129
Calculate the greatest common divisor of 2266 and 11237609.
103
What is the greatest common divisor of 1742134 and 3752?
134
What is the highest common divisor of 151487477 and 632?
79
What is the greatest common factor of 12138 and 341586?
42
Calculate the greatest common divisor of 3577781 and 7379.
47
Calculate the highest common divisor of 6856885 and 155.
5
Calculate the highest common divisor of 16641 and 1300041.
9
What is the highest common divisor of 545965242 and 2883?
2883
Calculate the highest common factor of 10107790 and 2618.
154
What is the greatest common factor of 7545 and 148992121?
503
What is the greatest common divisor of 22346 and 34?
2
What is the highest common divisor of 2508 and 15501354?
66
Calculate the highest common factor of 308 and 4254448.
44
Calculate the highest common divisor of 735 and 19121095.
35
Calculate the greatest common divisor of 110665 and 265.
5
What is the greatest common divisor of 12810148 and 12?
4
What is the highest common divisor of 179211 and 16250391?
5781
What is the highest common divisor of 549430321 and 1641?
547
Calculate the greatest common factor of 8352354 and 10251.
201
Calculate the highest common divisor of 114 and 18230614.
38
Calculate the highest common factor of 4068 and 298872.
36
Calculate the highest common factor of 3 and 544034148.
3
What is the greatest common factor of 152691925 and 3655?
215
Calculate the highest common factor of 1240 and 4579160.
40
Calculate the highest common factor of 6849 and 564183.
9
What is the highest common factor of 68062894 and 9814?
1402
Calculate the greatest common factor of 995196 and 38718.
1434
Calculate the greatest common divisor of 2008 and 13117511.
251
Calculate the greatest common divisor of 243 and 41749713.
9
Calculate the greatest common divisor of 1183177 and 8339.
31
Calculate the highest common factor of 190103 and 27193571.
4421
Calculate the greatest common factor of 116563 and 508897.
2843
What is the greatest common divisor of 290 and 164285580?
290
What is the greatest common factor of 1977008 and 2376?
88
Calculate the highest common divisor of 928089674 and 786.
262
Calculate the highest common divisor of 41 and 189135091.
41
What is the greatest common factor of 689494 and 234?
26
Calculate the greatest common divisor of 789426 and 2277.
99
What is the highest common divisor of 18549 and 1524420?
81
Calculate the highest common factor of 60887937 and 2728.
341
Calculate the greatest common factor of 25890420 and 26508.
564
Calculate the greatest common factor of 977437033 and 211.
211
What is the greatest common divisor of 2782 and 231376158?
2782
What is the highest common factor of 190740375 and 135?
45
What is the greatest common divisor of 49490 and 464765?
245
What is the highest common factor of 65459 and 80601?
67
Calculate the greatest common divisor of 1502448 and 28024.
904
What is the greatest common divisor of 20511 and 1475361?
477
Calculate the highest common factor of 2377650 and 50.
50
What is the greatest common factor of 695 and 17842457?
139
What is the highest common factor of 96 and 3555420?
12
Calculate the highest common divisor of 125119068 and 60.
12
Calculate the greatest common factor of 1548 and 85882500.
36
Calculate the highest common factor of 2059317 and 351.
351
Calculate the greatest common factor of 991746 and 21298.
926
Calculate the highest common factor of 4368 and 117866.
14
What is the highest common factor of 1323 and 6485346?
1323
Calculate the highest common factor of 39006 and 287298.
198
Calculate the highest common factor of 1260 and 375076485.
315
What is the highest common factor of 154907552 and 212?
212
What is the highest common divisor of 88 and 415576?
8
What is the highest common divisor of 40098400 and 9400?
200
Calculate the highest common divisor of 371770 and 378098.
1582
What is the highest common factor of 6653490 and 36942?
786
What is the highest common factor of 1640 and 485650904?
328
What is the highest common divisor of 1211 and 12320?
7
What is the greatest common divisor of 2149593 and 15?
3
What is the highest common factor of 47828616 and 29784?
408
What is the greatest common factor of 26469518 and 2378?
2378
What is the highest common divisor of 722436 and 2526?
2526
What is the greatest common divisor of 3470 and 164830552?
694
What is the highest common divisor of 142374 and 57183?
1167
Calculate the highest common factor of 2542715 and 1505.
35
Calculate the highest common divisor of 1089828 and 108.
108
Calculate the highest common factor of 3266 and 14842337.
1633
Calculate the highest common divisor of 8723 and 94428.
61
Calculate the highest common factor of 488582 and 82.
2
